hat is 10 - 4?
1
In base 14, what is b9 - -b?
c6
In base 6, what is 344 + 103?
451
In base 9, what is 83 + 346?
440
In base 8, what is 2337 - 0?
2337
In base 2, what is 1010 + 1010011?
1011101
In base 7, what is -4 - -65?
61
In base 8, what is -214 + -55?
-271
In base 15, what is -45 - -8?
-3c
In base 6, what is 433 + -2?
431
In base 15, what is 10 - 20?
-10
In base 10, what is 4 + 18?
22
In base 12, what is -425 + 1?
-424
In base 8, what is -13107 - 0?
-13107
In base 12, what is 1 + -a59?
-a58
In base 10, what is -18 - 88?
-106
In base 8, what is -3 + -157?
-162
In base 8, what is 4225 - 7?
4216
In base 3, what is 11 - 110?
-22
In base 7, what is -1103 - -110?
-663
In base 6, what is 420 - 5?
411
In base 16, what is ed + -89?
64
In base 4, what is -131 + -30?
-221
In base 6, what is -151 + 2?
-145
In base 4, what is -21 - 2132?
-2213
In base 8, what is -115036 - -3?
-115033
In base 7, what is -2144 - -6?
-2135
In base 4, what is -3 - 123?
-132
In base 11, what is -2053 + -5?
-2058
In base 9, what is 13 + 1?
14
In base 11, what is 12 + -35?
-23
In base 13, what is -3 + -3c42?
-3c45
In base 16, what is 5 - -25?
2a
In base 15, what is -c - a3?
-b0
In base 13, what is -140 - 3?
-143
In base 7, what is 5 - 16?
-11
In base 7, what is 36 - 236?
-200
In base 2, what is 0 + -101010110?
-101010110
In base 15, what is -3 + 122?
11e
In base 8, what is -12 - -72?
60
In base 12, what is 1 + -1992?
-1991
In base 15, what is -8ad + 0?
-8ad
In base 6, what is 5 + 15340?
15345
In base 5, what is 0 - 341?
-341
In base 3, what is 2210100 - -10?
2210110
In base 7, what is 13060 + 0?
13060
In base 3, what is -2 + 122?
120
In base 15, what is 71bb - 3?
71b8
In base 11, what is -15 + 2?
-13
In base 4, what is 31000 + 2?
31002
In base 4, what is -1 + -1101?
-1102
In base 4, what is 133 - 12?
121
In base 13, what is a + -1?
9
In base 4, what is -1 + -12133?
-12200
In base 3, what is 0 + -11001?
-11001
In base 7, what is -3 + 122?
116
In base 13, what is 136 + -14?
122
In base 8, what is 3 - 1472?
-1467
In base 14, what is 302 - -10?
312
In base 16, what is 3 - 15d?
-15a
In base 10, what is 5120 - -2?
5122
In base 7, what is -4 - 2115?
-2122
In base 5, what is -2 - -141?
134
In base 2, what is -1 + -100000010100?
-100000010101
In base 9, what is -4 + 260?
255
In base 12, what is -90 + -5?
-95
In base 15, what is -87c + 2?
-87a
In base 16, what is 675 - f?
666
In base 13, what is -604 - 4?
-608
In base 9, what is -7 - 4763?
-4771
In base 13, what is 2 + -544?
-542
In base 4, what is 3 - 21000?
-20331
In base 4, what is -10 - 223?
-233
In base 2, what is 11 + -101100?
-101001
In base 16, what is -9b - a?
-a5
In base 13, what is -4 - -90?
89
In base 3, what is 11 - -21000?
21011
In base 10, what is 82 + 6?
88
In base 10, what is 2 + -122?
-120
In base 15, what is -3 + 76?
73
In base 2, what is 11 + -1000000?
-111101
In base 13, what is -25 + -10?
-35
In base 9, what is 2 + 270?
272
In base 2, what is 101 + 1101000111?
1101001100
In base 6, what is 30552 - 0?
30552
In base 12, what is -1 - -a6?
a5
In base 14, what is -2b + -8?
-35
In base 6, what is -5 + -3?
-12
In base 4, what is -1220 + -11?
-1231
In base 13, what is 8 + 67?
72
In base 5, what is 444 - -11?
1010
In base 6, what is 100 + 203?
303
In base 2, what is 10 + -101011?
-101001
In base 2, what is 110100 - 101011?
1001
In base 8, what is -40 + -44?
-104
In base 11, what is 251 + -3?
249
In base 5, what is 4 + -21142?
-21133
In base 15, what is 1d - 8e?
-71
In base 9, what is 634 + -14?
620
In base 4, what is 11211 + 2?
11213
In base 7, what is -4 + -223?
-230
In base 13, what is 49 - 5?
44
In base 13, what is 5 + b?
13
In base 8, what is -11267 - 2?
-11271
In base 2, what is 111 + 11000?
11111
In base 4, what is 3032 - -2?
3100
In base 15, what is 12 + 11?
23
In base 7, what is 33015 - 2?
33013
In base 9, what is -72 - 7?
-80
In base 6, what is -23 - 44?
-111
In base 10, what is -2 + 3698?
3696
In base 10, what is -1 - -4555?
4554
In base 7, what is -105 - -1?
-104
In base 12, what is -2 + -84?
-86
In base 15, what is -4 + -13?
-17
In base 2, what is 10010100101 - 0?
10010100101
In base 13, what is 0 + 4b?
4b
In base 4, what is -2030 + 10?
-2020
In base 4, what is 3 + -1113?
-1110
In base 2, what is -10001111 + -100?
-10010011
In base 16, what is -28 + 5?
-23
In base 13, what is -29 + 25?
-4
In base 15, what is -875 - 2?
-877
In base 8, what is 2744 + 3?
2747
In base 7, what is -30 - 5?
-35
In base 5, what is -1 + -3?
-4
In base 16, what is 4e - -53?
a1
In base 15, what is -19 + 3?
-16
In base 11, what is 277 + 5?
281
In base 15, what is -187 - 3b?
-1c3
In base 4, what is 12301 - 3?
12232
In base 9, what is 7 - -1380?
1387
In base 6, what is -154 + 4?
-150
In base 5, what is -3 + 21313?
21310
In base 13, what is 0 + -2?
-2
In base 6, what is -15 + 21?
2
In base 7, what is -35 - -4?
-31
In base 16, what is 2 - 1e7?
-1e5
In base 15, what is 6 + -547?
-541
In base 14, what is 1 - -d0?
d1
In base 13, what is -9b9 + 0?
-9b9
In base 12, what is -4 - -1?
-3
In base 15, what is 4 + 8e?
93
In base 13, what is 28 + -57?
-2c
In base 7, what is -13064 - -2?
-13062
In base 5, what is 142 + -144?
-2
In base 6, what is -1400 + 1?
-1355
In base 12, what is 9a + -11?
89
In base 16, what is 1c - -3?
1f
In base 9, what is -1 - 105?
-106
In base 9, what is -2 + 2115?
2113
In base 5, what is -1004 + 110?
-344
In base 9, what is 5 - 1?
4
In base 3, what is -20020 + 10?
-20010
In base 11, what is 60 + a4?
154
In base 12, what is 9 + -12a?
-121
In base 2, what is -111100110 + -10?
-111101000
In base 4, what is 121003 + 11?
121020
In base 9, what is 1 + 57?
58
In base 13, what is b4 + -6?
ab
In base 11, what is 2 + -947?
-945
In base 11, what is -99 + -3?
-a1
In base 11, what is -45 + 2?
-43
In base 7, what is -20 - 35?
-55
In base 3, what is 2 - 122002?
-122000
In base 12, what is -a2 + 29?
-75
In base 14, what is -13 - 1c0?
-1d3
In base 11, what is -aa7 + 4?
-aa3
In base 15, what is -56 - 18?
-6e
In base 9, what is -2 - 287?
-300
In base 12, what is -47 - -89?
42
In base 12, what is -a94 - -2?
-a92
In base 9, what is 7 - 153?
-145
In base 12, what is -24 + -2?
-26
In base 4, what is -1130 - -10?
-1120
In base 13, what is -30 - -1a?
-13
In base 3, what is 20 - 20?
0
In base 16, what is 26 + -db?
-b5
In base 6, what is 4 + 2051?
2055
In base 9, what is 6 - -4515?
4522
In base 15, what is -5 + 213?
20d
In base 8, what is -10 + 73?
63
In base 2, what is -10011010101 - -10110?
-10010111111
In base 7, what is 4321 + -5?
4313
In base 12, what is 209 + -17?
1b2
In base 4, what is -2 + 131033?
131031
In base 6, what is 11 + 1033?
1044
In base 7, what is 526 + 1?
530
In base 13, what is -223 - 1?
-224
In base 14, what is -110 - -3?
-10b
In base 3, what is -10012 - 2201?
-12220
In base 10, what is -9088 + -5?
-9093
In base 3, what is -2000 + -2211?
-11211
In base 9, what is -1 + -3110?
-3111
In base 9, what is 5 - 187?
-182
In base 13, what is 23 + -9?
17
In base 5, what is 223400 + -3?
223342
In base 13, what is 104b - 3?
1048
In base 8, what is 510 + -7?
501
In base 16, what is f - 5?
a
In base 11, what is -254 - 0?
-254
In base 16, what is -2fd + -5?
-302
In base 13, what is 2 - -2b?
30
In base 9, what is 3 + -1064?
-1061
In base 15, what is 5 + 8b0?
8b5
In base 5, what is 314 + 1141?
2010
In base 9, what is 2832 + -3?
2828
In base 11, what is 21 + 19?
3a
In base 11, what is 121 - -4?
125
In base 7, what is 4 + 2355?
2362
In base 12, what is -39 + 19?
-20
In base 5, what is 3 - -14030?
14033
In base 3, what is -11 + -10102202?
-10102220
In base 8, what is 21 - -2?
23
In base 4, what is 11003 + 31?
11100
In base 2, what is -110011100 - 101?
-110100001
In base 3, what is 111 + 21212?
22100
In base 3, what is 22210 + 210?
100120
In base 9, what is -226 + 2?
-224
In base 7, what is 2 - 6316?
-6314
In base 15, what is -5 - 1514?
-1519
In base 16, what is -4 - 96?
-9a
In base 2, what is 101 - -1111?
10100
In base 9, what is -1125 + -1?
-1126
In base 14, what is -3 - -60?
5b
In base 13, what is 526a - 1?
5269
In base 15, what is -584 + -3?
-587
In base 11, what is 413 - -3?
416
In base 16, what is -28b + 5?
-286
In base 2, what is -111010 + 110?
-110100
In base 8, what is -1 - -107?
106
In base 16, what is -3 + f09?
f06
In base 13, what is -365 -